{"id":338,"date":"2021-12-29T17:57:11","date_gmt":"2021-12-29T17:57:11","guid":{"rendered":"http:\/\/www.pucau.org\/?page_id=338"},"modified":"2021-12-29T18:16:59","modified_gmt":"2021-12-29T18:16:59","slug":"edicoes-da-peregrinacao-seculos-xvii-xix","status":"publish","type":"page","link":"https:\/\/www.pucau.org\/?page_id=338","title":{"rendered":"Edi\u00e7\u00f5es da Peregrina\u00e7\u00e3o s\u00e9culos XVII-XIX"},"content":{"rendered":"\n<p><strong>Edi\u00e7\u00f5es em portugu\u00eas XVII-XIX<\/strong><\/p>\n\n\n\n<p><strong>1.<\/strong> Pinto, Fernam Mendez (1614). <em>Peregrina\u00e7am<\/em>. Lisboa: Pedro Crasbeek. <a href=\"http:\/\/purl.pt\/82\">http:\/\/purl.pt\/82<\/a><\/p>\n\n\n\n<p><strong>2. <\/strong>Pinto, Fernam Mendez (1678). <em>Peregrina\u00e7am<\/em>. Lisboa: Antonio Crasbeek de Mello.<\/p>\n\n\n\n<p>Link na BNP: <a href=\"http:\/\/id.bnportugal.gov.pt\/bib\/catbnp\/589571\">http:\/\/id.bnportugal.gov.pt\/bib\/catbnp\/589571<\/a><\/p>\n\n\n\n<p><strong>3.<\/strong> Pinto, Fern\u00e3o Mendes (1711). <em>Peregrina\u00e7\u00e3o<\/em>. Lisboa: Joseph Lopes Ferreyra.<\/p>\n\n\n\n<p><a href=\"https:\/\/books.google.pt\/books?id=5SjpfkMtM5sC&amp;dq=intitle%3APeregrina%C3%A7%C3%A3o%20de%20Fern%C3%A3o%20Mendes%20Pinto%2C%20e%20por%20elle%20escritta%2C%20que%20consta%20de%20muytas%20estranhas%20cousas%2C%20que%20vio%2C&amp;hl=pt-PT&amp;pg=PP5#v=onepage&amp;q=intitle:Peregrina%C3%A7%C3%A3o%20de%20Fern%C3%A3o%20Mendes%20Pinto,%20e%20por%20elle%20escritta,%20que%20consta%20de%20muytas%20estranhas%20cousas,%20que%20vio,&amp;f=false\">C\u00f3pia digital no Google Books<\/a><\/p>\n\n\n\n<p>&#8220;<em>de novo correcta, e accrescentada com a conquista do Reyno de Peg\u00fa feyta pelos Portuguezes, sendo Visorrey da India Ayres de Saldanha no anno de 1600<\/em>&#8220;.<\/p>\n\n\n\n<p>Link na BNP: <a href=\"http:\/\/id.bnportugal.gov.pt\/bib\/catbnp\/1745917\">http:\/\/id.bnportugal.gov.pt\/bib\/catbnp\/1745917<\/a><\/p>\n\n\n\n<p><strong>4. <\/strong>Pinto, Ferna\u00f5 Mendes (1725). <em>Peregrina\u00e7\u00e3o<\/em>. Lisboa: Officina Ferreyriana. <a href=\"https:\/\/catalog.hathitrust.org\/Record\/009348991\">https:\/\/catalog.hathitrust.org\/Record\/009348991<\/a><\/p>\n\n\n\n<p>&#8220;<em>e agora novamente correcta, e acrecentada com o Itinerario de Antonio Tenreyro, que da India veyo por terra a este Reyno de Portugal, em que se cont\u00e9m a viagem, &amp; jornada, &amp; os trabalhos que em esta Peregrina\u00e7a\u00f5 passou no anno de mil &amp; quinhentos &amp; vinte nove. E com a conquista do Reyno de Peg\u00fa feyta pelos Portuguezes, sendo Vi-Rey da India Ayres de Saldanha no anno de 1600<\/em>&#8220;.<\/p>\n\n\n\n<p>Link na BNP: <a href=\"http:\/\/id.bnportugal.gov.pt\/bib\/catbnp\/595524\">http:\/\/id.bnportugal.gov.pt\/bib\/catbnp\/595524<\/a><\/p>\n\n\n\n<p><strong>5. <\/strong>Pinto, Fern\u00e3o Mendes (1762). <em>Peregrina\u00e7\u00e3o<\/em>. Lisboa: Joam de Aquino Bulhoens<\/p>\n\n\n\n<p><a href=\"https:\/\/books.google.com\/books?id=fJBeAAAAcAAJ&amp;ots=O1xvOcRoVC&amp;dq=%22Peregrina%C3%A7%C3%A3o%20de%20Fern%C3%A3o%20Mendes%20Pinto%2C%20e%20por%20elle%20escritta%2C%20que%20consta%20de%20muytas%20estranhas%20cousas%2C%20que%20vio%2C%20&amp;lr&amp;hl=pt-PT&amp;pg=PP9#v=onepage&amp;q&amp;f=false\">C\u00f3pia digital no Google Books.<\/a><\/p>\n\n\n\n<p>&#8220;<em>com o itenerario de Antonio Tenreiro&#8230; e a conquista do Reyno de Pegu&#8230;. &#8211; Agora novamente correcta, e emendada<\/em>&#8220;.<\/p>\n\n\n\n<p>Link na BNP: <a href=\"http:\/\/id.bnportugal.gov.pt\/bib\/catbnp\/433969\">http:\/\/id.bnportugal.gov.pt\/bib\/catbnp\/433969<\/a><\/p>\n\n\n\n<p><strong>6. <\/strong>Pinto, Fern\u00e3o Mendes (1829). <em>Peregrina\u00e7\u00e3o<\/em>. Lisboa: Typographia Rollandiana. <a href=\"https:\/\/catalog.hathitrust.org\/Record\/100575635\">https:\/\/catalog.hathitrust.org\/Record\/100575635<\/a><\/p>\n\n\n\n<p>Peregrina\u00e7\u00e3o \/ Fern\u00e3o Mendez Pinto. &#8211; Nova ed. conforme a primeira de 1614. &#8211; Lisboa : Typ. Rollandiana, 1829. &#8211; 4 tomos ; 15 cm<\/p>\n\n\n\n<p>Pr\u00f3logo do editor com coment\u00e1rio sobre as edi\u00e7\u00f5es anteriores.<\/p>\n\n\n\n<p>Tomo IV com o <em>Itiner\u00e1rio<\/em> de Ant\u00f3nio Tenreiro, o <em>Tractado das cousas da China<\/em> de Frey Gaspar da Cruz e a <em>Conquista do Reino de Peg\u00fa<\/em>.<\/p>\n\n\n\n<p>Link na BNP: <a href=\"http:\/\/id.bnportugal.gov.pt\/bib\/catbnp\/420290\">http:\/\/id.bnportugal.gov.pt\/bib\/catbnp\/420290<\/a><\/p>\n","protected":false},"excerpt":{"rendered":"<p>Edi\u00e7\u00f5es em portugu\u00eas XVII-XIX 1. Pinto, Fernam Mendez (1614). Peregrina\u00e7am. Lisboa: Pedro Crasbeek. http:\/\/purl.pt\/82 2. Pinto, Fernam Mendez (1678). Peregrina\u00e7am. Lisboa: Antonio Crasbeek de Mello. Link na BNP: http:\/\/id.bnportugal.gov.pt\/bib\/catbnp\/589571 3. Pinto, Fern\u00e3o Mendes (1711). Peregrina\u00e7\u00e3o. Lisboa: Joseph Lopes Ferreyra. C\u00f3pia digital no Google Books &#8220;de novo correcta, e accrescentada com a conquista do Reyno de &hellip; <\/p>\n<p class=\"link-more\"><a href=\"https:\/\/www.pucau.org\/?page_id=338\" class=\"more-link\">Continue reading<span class=\"screen-reader-text\"> &#8220;Edi\u00e7\u00f5es da Peregrina\u00e7\u00e3o s\u00e9culos XVII-XIX&#8221;<\/span><\/a><\/p>\n","protected":false},"author":2,"featured_media":0,"parent":0,"menu_order":0,"comment_status":"closed","ping_status":"closed","template":"","meta":{"_monsterinsights_skip_tracking":false,"_monsterinsights_sitenote_active":false,"_monsterinsights_sitenote_note":"","_monsterinsights_sitenote_category":0,"footnotes":""},"_links":{"self":[{"href":"https:\/\/www.pucau.org\/index.php?rest_route=\/wp\/v2\/pages\/338"}],"collection":[{"href":"https:\/\/www.pucau.org\/index.php?rest_route=\/wp\/v2\/pages"}],"about":[{"href":"https:\/\/www.pucau.org\/index.php?rest_route=\/wp\/v2\/types\/page"}],"author":[{"embeddable":true,"href":"https:\/\/www.pucau.org\/index.php?rest_route=\/wp\/v2\/users\/2"}],"replies":[{"embeddable":true,"href":"https:\/\/www.pucau.org\/index.php?rest_route=%2Fwp%2Fv2%2Fcomments&post=338"}],"version-history":[{"count":3,"href":"https:\/\/www.pucau.org\/index.php?rest_route=\/wp\/v2\/pages\/338\/revisions"}],"predecessor-version":[{"id":350,"href":"https:\/\/www.pucau.org\/index.php?rest_route=\/wp\/v2\/pages\/338\/revisions\/350"}],"wp:attachment":[{"href":"https:\/\/www.pucau.org\/index.php?rest_route=%2Fwp%2Fv2%2Fmedia&parent=338"}],"curies":[{"name":"wp","href":"https:\/\/api.w.org\/{rel}","templated":true}]}}