{"id":8,"date":"2018-03-09T10:08:04","date_gmt":"2018-03-09T10:08:04","guid":{"rendered":"http:\/\/www.pucau.org\/?page_id=8"},"modified":"2018-03-22T15:52:36","modified_gmt":"2018-03-22T15:52:36","slug":"home","status":"publish","type":"page","link":"https:\/\/www.pucau.org\/","title":{"rendered":"Arribada"},"content":{"rendered":"<p style=\"text-align: justify;\"><strong>A<em> Peregrina\u00e7\u00e3o <\/em>de Fern\u00e3o Mendes Pinto. Recursos para uma guia geogr\u00e1fica<\/strong>.<br \/>\nMais do que uma cr\u00f3nica de viagens, a <em>Peregrina\u00e7\u00e3o<\/em> \u00e9 um relato humano sobre os lugares e as pessoas.\u00a0<span style=\"font-size: 1rem;\">Uma das mais fascinantes descri\u00e7\u00f5es da \u00c1sia do s\u00e9culo XVI. Este s\u00edtio web apresenta um \u00edndice de top\u00f3nimos e gent\u00edlicos que recupera o contexto em que aparece cada entidade geogr\u00e1fica mencionada segundo a primeira edi\u00e7\u00e3o de 1614. Oferece tamb\u00e9m recursos relacionados para quem quiser aproveitar o trabalho feito e divulgar ou continuar o estudo da geografia da <em>Peregrina\u00e7\u00e3o<\/em>. Fica muito por conhecer!<\/span><\/p>\n","protected":false},"excerpt":{"rendered":"<p>A Peregrina\u00e7\u00e3o de Fern\u00e3o Mendes Pinto. Recursos para uma guia geogr\u00e1fica. Mais do que uma cr\u00f3nica de viagens, a Peregrina\u00e7\u00e3o \u00e9 um relato humano sobre os lugares e as pessoas.\u00a0Uma das mais fascinantes descri\u00e7\u00f5es da \u00c1sia do s\u00e9culo XVI. Este s\u00edtio web apresenta um \u00edndice de top\u00f3nimos e gent\u00edlicos que recupera o contexto em que &hellip; <\/p>\n<p class=\"link-more\"><a href=\"https:\/\/www.pucau.org\/\" class=\"more-link\">Continue reading<span class=\"screen-reader-text\"> &#8220;Arribada&#8221;<\/span><\/a><\/p>\n","protected":false},"author":2,"featured_media":0,"parent":0,"menu_order":0,"comment_status":"closed","ping_status":"closed","template":"","meta":{"_monsterinsights_skip_tracking":false,"_monsterinsights_sitenote_active":false,"_monsterinsights_sitenote_note":"","_monsterinsights_sitenote_category":0,"footnotes":""},"_links":{"self":[{"href":"https:\/\/www.pucau.org\/index.php?rest_route=\/wp\/v2\/pages\/8"}],"collection":[{"href":"https:\/\/www.pucau.org\/index.php?rest_route=\/wp\/v2\/pages"}],"about":[{"href":"https:\/\/www.pucau.org\/index.php?rest_route=\/wp\/v2\/types\/page"}],"author":[{"embeddable":true,"href":"https:\/\/www.pucau.org\/index.php?rest_route=\/wp\/v2\/users\/2"}],"replies":[{"embeddable":true,"href":"https:\/\/www.pucau.org\/index.php?rest_route=%2Fwp%2Fv2%2Fcomments&post=8"}],"version-history":[{"count":10,"href":"https:\/\/www.pucau.org\/index.php?rest_route=\/wp\/v2\/pages\/8\/revisions"}],"predecessor-version":[{"id":238,"href":"https:\/\/www.pucau.org\/index.php?rest_route=\/wp\/v2\/pages\/8\/revisions\/238"}],"wp:attachment":[{"href":"https:\/\/www.pucau.org\/index.php?rest_route=%2Fwp%2Fv2%2Fmedia&parent=8"}],"curies":[{"name":"wp","href":"https:\/\/api.w.org\/{rel}","templated":true}]}}